
Let h(s) = 5*s**2 - 9*s - 12. Let x(m) = 8*m**2 - 17*m - 23. Let j(r) = 5*h(r) - 3*x(r). What are the prime factors of j(6)?
3
Let m be (-20 + 2)*82/369. Let u be (-22)/18 - (-8)/36. What are the prime factors of 85 + (-1)/(5 - m/u)?
2, 3, 7
Let s = 70256 + -48037. What are the prime factors of s?
17, 1307
Let j(b) = b**3 + 26*b**2 + 121*b + 18. Let h be j(-20). Let o(a) = a**2 - a**3 - 4*a**3 - a**3 - 2 - a. What are the prime factors of o(h)?
2, 13
Let v(w) = -100*w - 2. Suppose a - 4*a = z + 18, 2*z = -4*a - 46. Let i = z + 31. What are the prime factors of v(i)?
2, 3, 11
Suppose -4*b - 3*r = 6272, 0 = -3*b - 5*r - 3226 - 1489. Let z = 2305 + b. List the prime factors of z.
2, 5, 37
Let l(z) = -z**3 + 4*z**2 + z - 4. Let y be l(3). Let o = 8 - y. Suppose -4*f + 78 = 2*x - 3*f, o = x + 5*f - 48. List the prime factors of x.
2, 19
Let v(s) = 2*s**3 + 35*s**2 + 23*s + 83. List the prime factors of v(-14).
11, 103
Let s = 5 + -5. Let k = s + 16. Let m(u) = -u**2 + 23*u. List the prime factors of m(k).
2, 7
Let z(g) = -3*g**3 - 24*g**2 + 42*g + 335. What are the prime factors of z(-25)?
2, 5, 19, 41
Let l(j) = -35*j - 20. Let h be l(-3). Suppose -7*n + 22 - h = 0. What are the prime factors of 12/(-54) + (-1541)/n?
3, 19
Suppose -1074160 = -84*d - 32*d. What are the prime factors of d?
2, 5, 463
Suppose -3543669 = -262*f + 715403. What are the prime factors of f?
2, 127
Suppose 10*m - 15*m = 15. Let q(j) = 2*j**3 + 2*j**2 + 4*j + 6. Let c be q(m). Let i = 83 + c. List the prime factors of i.
41
Let f(m) = 2*m**2 - 34*m + 126. Suppose -22*i = -212 - 250. List the prime factors of f(i).
2, 3, 7
Suppose 0 = -4*z + 4*y - 3832, -z - 600 = -2*y + 359. Let u = 1378 + z. List the prime factors of u.
421
Let s(y) = 6*y - 8. Let q be s(4). Suppose 4*l - q = -u - u, -l - 5 = -4*u. Suppose 463 = 3*x + 2*o, -x + 136 = -u*o - 5. What are the prime factors of x?
151
Suppose 0 = -4*o + 5*v + 59, 37 = -0*o + 2*o - v. Suppose 10878 = o*c - 4368. List the prime factors of c.
2, 3, 11
Suppose -3663*s = -3664*s + 6804. List the prime factors of s.
2, 3, 7
Suppose -4*x - 142 = -5*x. Suppose -20 + 8 = -3*m. What are the prime factors of -2 + 2 - x*(-2)/m?
71
Let d(g) be the second derivative of -g**5/20 - g**4/12 + g**3/3 + 267*g**2/2 - 2*g - 4. List the prime factors of d(0).
3, 89
Let i be (3 - 2)/(2/22). Suppose -4*c + i = 5*a - 103, 5*a = 2*c + 138. Suppose -227 = -3*n - a. List the prime factors of n.
67
List the prime factors of (240/35)/((-7 - -15)/38192).
2, 3, 11, 31
Suppose 0 = -4*a + 355 - 359, t = 5*a + 22039. What are the prime factors of t?
2, 23, 479
Let r(c) = -c**3 + 42*c**2 - 21*c + 43. What are the prime factors of r(25)?
3, 7, 23
Let k be 864/10 - (-10)/(-25). Suppose 74*v + 11028 = k*v. What are the prime factors of v?
919
Let a be 1/((-4)/6) - (-528)/32. Let c = a - -21. What are the prime factors of 3/7 + c/14?
3
Suppose 26*y = 18*y + 24. What are the prime factors of -4*y*1030/(-24)?
5, 103
Let j be ((-3)/(-6))/(-1) - (-165)/6. Let n(l) = 15 - j - 2 + 36*l. What are the prime factors of n(5)?
2, 83
Let y = -155 + 1743. List the prime factors of y.
2, 397
Let t(f) = f**2 - 5*f + 8. Let g be t(3). Suppose -5*r + 0*x = -2*x - g, r + 2*x = 10. List the prime factors of 1 + r - (-107 + (-20)/5).
2, 3, 19
Let m be ((-14)/21)/(2/(-6)). Let u(w) = -459*w**3 - 27 + 6*w + 7 + 460*w**3 + 9*w**m. List the prime factors of u(-7).
2, 3
Let a(t) = t**2 + 20*t + 28. Let f be a(-13). Let v = f + 219. Suppose -2*o = v - 608. List the prime factors of o.
2, 113
Suppose -7*q - 22 = 34. Let p be ((-3)/(-2))/((-6)/q). Suppose 77 = -p*v + 215. What are the prime factors of v?
3, 23
Let y be 15148/21 + 3 + 4/6. Suppose -252*h = -257*h + y. What are the prime factors of h?
5, 29
Let j be 0*((-2)/(-4))/(9/(-9)). Suppose 2*o - 2*f - 230 = j, -4*o + 297 + 161 = -5*f. What are the prime factors of o?
3, 13
What are the prime factors of 0/(-12) + (42517 - 1) + 2?
2, 7, 3037
Suppose -25*j + 28*j + 18 = 0. What are the prime factors of j - -4 - -3 - (-2 + -1786)?
1789
Let u(z) = -7*z + 2*z**3 - 71*z**2 - 8*z + 39*z**2 - 3*z + 10. What are the prime factors of u(17)?
2, 3, 47
Suppose -10*n + 11*n - 5 = 0. Suppose o - 51 = -2*h, 0 = -n*h - 0*h + 15. What are the prime factors of 74/4*(-9)/(o/(-10))?
37
Suppose 4299912 - 12866680 = -223*d. List the prime factors of d.
2, 7
Let k(p) = -p**3 - 8*p**2 - 4*p + 17. Let q be k(-7). Let w be (-12)/(-18)*(-18)/q. Suppose 73 = 4*a - w*a + h, 3*a - 219 = -h. What are the prime factors of a?
73
Suppose 0 = 3*i - 4*p - 93424, 4*i = -5*p - 0*p + 124524. What are the prime factors of i?
2, 7, 139
Suppose -23 = 9*v - 7*v + 3*d, 3*v + d + 38 = 0. Let l(k) = k**3 + 10*k**2 + 5*k - 6. Let j be l(-9). Let o = j - v. List the prime factors of o.
43
Let b = -2069 + 11938. What are the prime factors of b?
71, 139
What are the prime factors of (50/(-4))/((-159)/(-410) - (-4)/(-10))?
5, 41
Let y(s) = -119*s + 60. Let j be y(-12). Let q = -978 + j. What are the prime factors of q?
2, 3, 5, 17
Let x = -15 - -23. Let o be -8 + x/(-4)*-2. What are the prime factors of (o - -5)/(3/93 + 0)?
31
Let i = -44 + 61. Suppose i*c - 3443 = 6*c. Suppose -8*d + c = -1191. List the prime factors of d.
2, 47
Suppose -5*f + 3*d = -185788, -5*d + 46954 = 4*f - 101706. List the prime factors of f.
2, 5, 929
Suppose 9*k = 11*k - 3*u - 9, 4*u + 12 = 0. Let i(p) = -5*p + 611. What are the prime factors of i(k)?
13, 47
Let n(u) = u**3 + 17*u**2 - 2*u - 29. Let q be n(-17). Suppose -5*o = k - 119, 483 = 5*k - q*o - 172. What are the prime factors of k?
3, 43
Suppose 0 = -5*q + p + 26, 5*q + 9 = 3*p + 27. What are the prime factors of (-62)/(-93) - (-98)/q?
17
Suppose 667 = -7*q + 121. Let h(f) = -50*f**2 - 4*f - 3. Let b be h(-2). Let k = q - b. What are the prime factors of k?
3, 13
Let t(w) = -12*w + 32. Let r be t(2). Suppose r*j + 3*u - 5176 = 3*j, 0 = 3*j + 5*u - 3112. What are the prime factors of j?
2, 11, 47
Let o = -14624 + 74596. List the prime factors of o.
2, 11, 29, 47
Let m = 1000 - 848. What are the prime factors of m?
2, 19
Let b = -753 - -2959. What are the prime factors of b?
2, 1103
Suppose 0 = 2*k + 6, -32*k + 31*k - 164038 = -5*u. List the prime factors of u.
53, 619
Suppose -3282*k - 5285 = -3287*k. Let d = k - 359. What are the prime factors of d?
2, 349
Suppose 72682 - 61840 = 9*r - 85728. What are the prime factors of r?
2, 5, 29, 37
Let g(z) = 176*z**3 - 2*z**2 - 3*z + 19. List the prime factors of g(5).
2, 3, 3659
Suppose -517 = 3*g + 2*n - 25959, -3*g + 25456 = -5*n. What are the prime factors of g?
2, 4241
Let m = -29406 + 80509. What are the prime factors of m?
13, 3931
Let t = -23 - -27. Suppose 0 = 2*p + 5*r - 2*r + 1, -t*p + 4*r = -28. Suppose 5*x - 675 = -5*u, -p*x - 3*u = -0*u - 545. List the prime factors of x.
2, 5, 7
Suppose 25*s = 220433 - 54299 + 60716. What are the prime factors of s?
2, 13, 349
Suppose -1682 = k + 4*f, -k - k = 2*f + 3334. Let c = k + 2392. What are the prime factors of c?
2, 5, 73
Let k = -74 - -113. Let w = k - -133. List the prime factors of w.
2, 43
Suppose 17408 = 2*d + 3*l, 14426 = -3*d + l + 40538. What are the prime factors of d?
2, 17
Let y = -6681 + 22330. What are the prime factors of y?
15649
Let f(s) = -4*s**3 - 11*s**2 + 11*s + 23. Let j be f(7). Let h = -906 - j. List the prime factors of h.
5, 181
Let o be -124*(-5 + (-42)/(-8)). Suppose 0 = -3*l + 5*s + 13, -4*l + 4 - 15 = -s. Let b = l - o. List the prime factors of b.
3
Let d(l) = -62*l + 4. Suppose f + f = -5*j - 68, 4*j + 204 = -5*f. Let v = f + 39. What are the prime factors of d(v)?
2, 157
Suppose -28*r + 50*r - 23*r = -8833. What are the prime factors of r?
11, 73
Let p be ((-3)/3 - 4) + 933. Let h = -627 + p. What are the prime factors of h?
7, 43
Suppose -35*m = -38*m - 684. Let s = m - -453. What are the prime factors of s?
3, 5
Let h = 34 + -19. Suppose 0 = 4*l + 5*g - 525, -3*g + 367 = 3*l - 23. Suppose h = -x + l. List the prime factors of x.
2, 5, 11
Let o = 1552 - 1573. Suppose 11 + 54 = r. Let m = o + r. List the prime factors of m.
2, 11
Let p(u) be the first derivative of 2*u**2 - 7*u - 3. Suppose -r - 5*z + 0*z - 14 = 0, -2*r - 5*z - 8 = 0. List the prime factors of p(r).
17
Let t(r) = 9*r - 21. Let f be (-47)/7 + 4/(-14). Let p